{"id":546,"date":"2015-01-24T02:44:51","date_gmt":"2015-01-24T00:44:51","guid":{"rendered":"http:\/\/heidenreich-metallbau-gmbh.info\/firma\/?page_id=546"},"modified":"2020-10-20T19:49:37","modified_gmt":"2020-10-20T17:49:37","slug":"ueber-uns","status":"publish","type":"page","link":"https:\/\/heidenreich-metallbau-gmbh.info\/?page_id=546","title":{"rendered":"\u00dcber uns"},"content":{"rendered":"<p style=\"text-align: center;\"><span style=\"font-size: 14pt;\">Die Heidenreich Metallbau GmbH wurde 1998 von dem Metallbaumeister Frank Heidenreich in Fuldatal-Ihringshausen,<\/span><br \/>\n<span style=\"font-size: 14pt;\"> Hessenweg 8 als 1-Mann Betrieb gegr\u00fcndet.<\/span><\/p>\n<p style=\"text-align: center;\"><span style=\"font-size: 14pt;\">Kurz darauf konnten die ersten Mitarbeiter eingestellt werden.<\/span><\/p>\n<p style=\"text-align: center;\"><span style=\"font-size: 14pt;\">2004 erfolgte dann ein Umzug innerhalb des Ortes Ihringshausen in die Niedervellmarsche Stra\u00dfe, wo wir bis heute ans\u00e4ssig sind.<\/span><\/p>\n<p style=\"text-align: center;\"><span style=\"font-size: 14pt;\">\u00a0Zwischenzeitlich ist unser Team aus Mitarbeitern und Auszubildenden stetig gewachsen.<\/span><\/p>\n<p style=\"text-align: center;\"><span style=\"font-size: 14pt;\">Unsere Mitarbeiter besuchen regelm\u00e4\u00dfig Weiterbildungsma\u00dfnahmen und Lehrg\u00e4nge,<\/span><br \/>\n<span style=\"font-size: 14pt;\"> um mit allen Techniken der Metallbearbeitung beste Qualit\u00e4t herstellen zu k\u00f6nnen.<\/span><\/p>\n<p style=\"text-align: center;\"><span style=\"font-size: 14pt;\">Unsere Aktivit\u00e4ten liegen im Gro\u00dfraum Kassel und der Region.<\/span><\/p>\n<p style=\"text-align: center;\"><span style=\"font-size: 14pt;\">Wir \u00fcbernehmen au\u00dferdem jegliche Montagearbeiten, sowie Instandsetzungs- u. Reparaturarbeiten.<\/span><\/p>\n<p style=\"text-align: center;\"><span style=\"font-size: 14pt;\">F\u00fcr unsere Kunden setzen wir Ideen, Skizzen und Konstruktionen mit Erfahrung, Professionalit\u00e4t<\/span><br \/>\n<span style=\"font-size: 14pt;\"> und modernster Technik <strong>alles aus einer Hand<\/strong> um.<\/span><\/p>\n<p style=\"text-align: center;\"><span style=\"font-size: 14pt;\">Die Planung und Projektierung durch den Metallbaumeister Frank Heidenreich,<\/span><br \/>\n<span style=\"font-size: 14pt;\"> die fachm\u00e4nnische Bauausf\u00fchrung durch qualifizierte Mitarbeiter und der Einsatz bew\u00e4hrter Techniken und Materialien.<\/span><\/p>\n<p style=\"text-align: center;\"><span style=\"font-size: 14pt;\">Das sind die Potentiale aus denen sich die Leistungsf\u00e4higkeit unseres Unternehmens ableitet.<\/span><\/p>\n<p style=\"text-align: center;\"><span style=\"font-size: 14pt;\">Fertigung und Montage unserer Produkte zeugen von hoher Fachkunde.<\/span><br \/>\n<span style=\"font-size: 14pt;\"> Bei der Herstellung werden traditionelle Bearbeitungsmethoden mit Liebe zum Detail genauso beherrscht,<\/span><br \/>\n<span style=\"font-size: 14pt;\"> wie moderne Verarbeitungstechnologien.<\/span><\/p>\n<p style=\"text-align: center;\"><span style=\"font-size: 14pt;\">Wir realisieren Ihre Gestaltungsw\u00fcnsche \u2013 unsere Produkte werden handwerklich und nach Ma\u00df gefertigt.<\/span><\/p>\n<p style=\"text-align: center;\"><span style=\"font-size: 14pt;\">Als zertifizierter Schwei\u00dffachbetrieb mit der Herstellerqualifikation nach DIN EN 1090 EXC-2 <\/span><br \/>\n<span style=\"font-size: 14pt;\">\u00a0<\/span><span style=\"font-size: 14pt;\">ber\u00fccksichtigen wir selbstverst\u00e4ndlich alle baurechtlichen Vorgaben und Normen.<\/span><\/p>\n<p style=\"text-align: center;\"><span style=\"font-size: 14pt;\">Unser Anspruch ist es dabei, f\u00fcr Sie stets schnell und termingerecht Produkte mit der gew\u00fcnschten Pr\u00e4zision zu liefern<\/span><br \/>\n<span style=\"font-size: 14pt;\"> und stehen Ihnen mit unserem Team als zuverl\u00e4ssiger Partner zur Verf\u00fcgung.<\/span><\/p>\n<p style=\"text-align: center;\"><span style=\"font-size: 14pt;\">\u00dcberzeugen Sie sich selbst. Rufen Sie uns an! Sicher haben wir auch f\u00fcr Ihre W\u00fcnsche eine optimale L\u00f6sung.<\/span><\/p>\n<div style=\"text-align: center;\">\n<div style=\"text-align: center;\">\n<h1 style=\"text-align: center;\"><span style=\"color: #587a9f;\">Wir freuen uns \u00fcber Ihre Anfrage !<\/span><\/h1>\n<\/div>\n<\/div>\n","protected":false},"excerpt":{"rendered":"<p>Die Heidenreich Metallbau GmbH wurde 1998 von dem Metallbaumeister Frank Heidenreich in Fuldatal-Ihringshausen, Hessenweg 8 als 1-Mann Betrieb gegr\u00fcndet. Kurz darauf konnten die ersten Mitarbeiter eingestellt werden. 2004 erfolgte dann ein Umzug innerhalb des Ortes Ihringshausen in die Niedervellmarsche Stra\u00dfe, wo wir bis heute ans\u00e4ssig sind. \u00a0Zwischenzeitlich ist unser Team aus Mitarbeitern und Auszubildenden stetig [&hellip;]<\/p>\n","protected":false},"author":1,"featured_media":0,"parent":0,"menu_order":0,"comment_status":"closed","ping_status":"closed","template":"templates\/template-full-notitle.php","meta":{"_themeisle_gutenberg_block_has_review":false,"footnotes":""},"class_list":["post-546","page","type-page","status-publish","hentry","post"],"_links":{"self":[{"href":"https:\/\/heidenreich-metallbau-gmbh.info\/index.php?rest_route=\/wp\/v2\/pages\/546","targetHints":{"allow":["GET"]}}],"collection":[{"href":"https:\/\/heidenreich-metallbau-gmbh.info\/index.php?rest_route=\/wp\/v2\/pages"}],"about":[{"href":"https:\/\/heidenreich-metallbau-gmbh.info\/index.php?rest_route=\/wp\/v2\/types\/page"}],"author":[{"embeddable":true,"href":"https:\/\/heidenreich-metallbau-gmbh.info\/index.php?rest_route=\/wp\/v2\/users\/1"}],"replies":[{"embeddable":true,"href":"https:\/\/heidenreich-metallbau-gmbh.info\/index.php?rest_route=%2Fwp%2Fv2%2Fcomments&post=546"}],"version-history":[{"count":14,"href":"https:\/\/heidenreich-metallbau-gmbh.info\/index.php?rest_route=\/wp\/v2\/pages\/546\/revisions"}],"predecessor-version":[{"id":909,"href":"https:\/\/heidenreich-metallbau-gmbh.info\/index.php?rest_route=\/wp\/v2\/pages\/546\/revisions\/909"}],"wp:attachment":[{"href":"https:\/\/heidenreich-metallbau-gmbh.info\/index.php?rest_route=%2Fwp%2Fv2%2Fmedia&parent=546"}],"curies":[{"name":"wp","href":"https:\/\/api.w.org\/{rel}","templated":true}]}}